{"version":"1.0","provider_name":"Canadian Association of the Deaf - Association des Sourds du Canada","provider_url":"https:\/\/cad-asc.ca\/fr\/","author_name":"canadianassociation","author_url":"https:\/\/cad-asc.ca\/fr\/author\/canadianassociation\/","title":"Diversit\u00e9 - Canadian Association of the Deaf - Association des Sourds du Canada","type":"rich","width":600,"height":338,"html":"<blockquote class=\"wp-embedded-content\" data-secret=\"eLIMDnBtUO\"><a href=\"https:\/\/cad-asc.ca\/fr\/enjeux-et-notre-position\/diversite\/\">Diversit\u00e9<\/a><\/blockquote><iframe sandbox=\"allow-scripts\" security=\"restricted\" src=\"https:\/\/cad-asc.ca\/fr\/enjeux-et-notre-position\/diversite\/embed\/#?secret=eLIMDnBtUO\" width=\"600\" height=\"338\" title=\"\u00ab\u00a0Diversit\u00e9\u00a0\u00bb &#8212; Canadian Association of the Deaf - Association des Sourds du Canada\" data-secret=\"eLIMDnBtUO\" frameborder=\"0\" marginwidth=\"0\" marginheight=\"0\" scrolling=\"no\" class=\"wp-embedded-content\"><\/iframe><script type=\"text\/javascript\">\n\/* <![CDATA[ *\/\n\/*! This file is auto-generated *\/\n!function(d,l){\"use strict\";l.querySelector&&d.addEventListener&&\"undefined\"!=typeof URL&&(d.wp=d.wp||{},d.wp.receiveEmbedMessage||(d.wp.receiveEmbedMessage=function(e){var t=e.data;if((t||t.secret||t.message||t.value)&&!\/[^a-zA-Z0-9]\/.test(t.secret)){for(var s,r,n,a=l.querySelectorAll('iframe[data-secret=\"'+t.secret+'\"]'),o=l.querySelectorAll('blockquote[data-secret=\"'+t.secret+'\"]'),c=new RegExp(\"^https?:$\",\"i\"),i=0;i<o.length;i++)o[i].style.display=\"none\";for(i=0;i<a.length;i++)s=a[i],e.source===s.contentWindow&&(s.removeAttribute(\"style\"),\"height\"===t.message?(1e3<(r=parseInt(t.value,10))?r=1e3:~~r<200&&(r=200),s.height=r):\"link\"===t.message&&(r=new URL(s.getAttribute(\"src\")),n=new URL(t.value),c.test(n.protocol))&&n.host===r.host&&l.activeElement===s&&(d.top.location.href=t.value))}},d.addEventListener(\"message\",d.wp.receiveEmbedMessage,!1),l.addEventListener(\"DOMContentLoaded\",function(){for(var e,t,s=l.querySelectorAll(\"iframe.wp-embedded-content\"),r=0;r<s.length;r++)(t=(e=s[r]).getAttribute(\"data-secret\"))||(t=Math.random().toString(36).substring(2,12),e.src+=\"#?secret=\"+t,e.setAttribute(\"data-secret\",t)),e.contentWindow.postMessage({message:\"ready\",secret:t},\"*\")},!1)))}(window,document);\n\/\/# sourceURL=https:\/\/cad-asc.ca\/wp-includes\/js\/wp-embed.min.js\n\/* ]]> *\/\n<\/script>\n","description":"Le Probl\u00e8me : Le Canada n\u2019est plus un pays \u00e0 deux cultures dont le patrimoine est de l\u2019Europe de l\u2019Ouest. Il se passe des changements sociaux relatifs au genre, \u00e0 la sexualit\u00e9, aux croyances religieuses, etc. La diversit\u00e9 canadienne est-elle refl\u00e9t\u00e9e dans la communaut\u00e9 Sourde ? Notre position : L\u2019ASC-CAD appuie et combat pour l\u2019\u00e9galit\u00e9 &hellip; Continue reading"}

Diversité - Canadian Association of the Deaf - Association des Sourds du Canada

<blockquote class="wp-embedded-content" data-secret="eLIMDnBtUO"><a href="https://cad-asc.ca/fr/enjeux-et-notre-position/diversite/">Diversité</a></blockquote><iframe sandbox="allow-scripts" security="restricted" src="https://cad-asc.ca/fr/enjeux-et-notre-position/diversite/embed/#?secret=eLIMDnBtUO" width="600" height="338" title="« Diversité » &#8212; Canadian Association of the Deaf - Association des Sourds du Canada" data-secret="eLIMDnBtUO" frameborder="0" marginwidth="0" marginheight="0" scrolling="no" class="wp-embedded-content"></iframe><script type="text/javascript">
/* <![CDATA[ */
/*! This file is auto-generated */
!function(d,l){"use strict";l.querySelector&&d.addEventListener&&"undefined"!=typeof URL&&(d.wp=d.wp||{},d.wp.receiveEmbedMessage||(d.wp.receiveEmbedMessage=function(e){var t=e.data;if((t||t.secret||t.message||t.value)&&!/[^a-zA-Z0-9]/.test(t.secret)){for(var s,r,n,a=l.querySelectorAll('iframe[data-secret="'+t.secret+'"]'),o=l.querySelectorAll('blockquote[data-secret="'+t.secret+'"]'),c=new RegExp("^https?:$","i"),i=0;i<o.length;i++)o[i].style.display="none";for(i=0;i<a.length;i++)s=a[i],e.source===s.contentWindow&&(s.removeAttribute("style"),"height"===t.message?(1e3<(r=parseInt(t.value,10))?r=1e3:~~r<200&&(r=200),s.height=r):"link"===t.message&&(r=new URL(s.getAttribute("src")),n=new URL(t.value),c.test(n.protocol))&&n.host===r.host&&l.activeElement===s&&(d.top.location.href=t.value))}},d.addEventListener("message",d.wp.receiveEmbedMessage,!1),l.addEventListener("DOMContentLoaded",function(){for(var e,t,s=l.querySelectorAll("iframe.wp-embedded-content"),r=0;r<s.length;r++)(t=(e=s[r]).getAttribute("data-secret"))||(t=Math.random().toString(36).substring(2,12),e.src+="#?secret="+t,e.setAttribute("data-secret",t)),e.contentWindow.postMessage({message:"ready",secret:t},"*")},!1)))}(window,document);
//# sourceURL=https://cad-asc.ca/wp-includes/js/wp-embed.min.js
/* ]]> */
</script>

Le Problème : Le Canada n’est plus un pays à deux cultures dont le patrimoine est de l’Europe de l’Ouest. Il se passe des changements sociaux relatifs au genre, à la sexualité, aux croyances religieuses, etc. La diversité canadienne est-elle reflétée dans la communauté Sourde ? Notre position : L’ASC-CAD appuie et combat pour l’égalité &hellip; Continue reading
