{"version":"1.0","provider_name":"Canadian Association of the Deaf - Association des Sourds du Canada","provider_url":"https:\/\/cad-asc.ca\/fr\/","author_name":"canadianassociation","author_url":"https:\/\/cad-asc.ca\/fr\/author\/canadianassociation\/","title":"L\u2019immigration et l\u2019admissibilit\u00e9 m\u00e9dicale - Canadian Association of the Deaf - Association des Sourds du Canada","type":"rich","width":600,"height":338,"html":"<blockquote class=\"wp-embedded-content\" data-secret=\"gdatCp9OVX\"><a href=\"https:\/\/cad-asc.ca\/fr\/enjeux-et-notre-position\/limmigration-et-ladmissibilite-medicale\/\">L\u2019immigration et l\u2019admissibilit\u00e9 m\u00e9dicale<\/a><\/blockquote><iframe sandbox=\"allow-scripts\" security=\"restricted\" src=\"https:\/\/cad-asc.ca\/fr\/enjeux-et-notre-position\/limmigration-et-ladmissibilite-medicale\/embed\/#?secret=gdatCp9OVX\" width=\"600\" height=\"338\" title=\"\u00ab\u00a0L\u2019immigration et l\u2019admissibilit\u00e9 m\u00e9dicale\u00a0\u00bb &#8212; Canadian Association of the Deaf - Association des Sourds du Canada\" data-secret=\"gdatCp9OVX\" frameborder=\"0\" marginwidth=\"0\" marginheight=\"0\" scrolling=\"no\" class=\"wp-embedded-content\"><\/iframe><script type=\"text\/javascript\">\n\/* <![CDATA[ *\/\n\/*! This file is auto-generated *\/\n!function(d,l){\"use strict\";l.querySelector&&d.addEventListener&&\"undefined\"!=typeof URL&&(d.wp=d.wp||{},d.wp.receiveEmbedMessage||(d.wp.receiveEmbedMessage=function(e){var t=e.data;if((t||t.secret||t.message||t.value)&&!\/[^a-zA-Z0-9]\/.test(t.secret)){for(var s,r,n,a=l.querySelectorAll('iframe[data-secret=\"'+t.secret+'\"]'),o=l.querySelectorAll('blockquote[data-secret=\"'+t.secret+'\"]'),c=new RegExp(\"^https?:$\",\"i\"),i=0;i<o.length;i++)o[i].style.display=\"none\";for(i=0;i<a.length;i++)s=a[i],e.source===s.contentWindow&&(s.removeAttribute(\"style\"),\"height\"===t.message?(1e3<(r=parseInt(t.value,10))?r=1e3:~~r<200&&(r=200),s.height=r):\"link\"===t.message&&(r=new URL(s.getAttribute(\"src\")),n=new URL(t.value),c.test(n.protocol))&&n.host===r.host&&l.activeElement===s&&(d.top.location.href=t.value))}},d.addEventListener(\"message\",d.wp.receiveEmbedMessage,!1),l.addEventListener(\"DOMContentLoaded\",function(){for(var e,t,s=l.querySelectorAll(\"iframe.wp-embedded-content\"),r=0;r<s.length;r++)(t=(e=s[r]).getAttribute(\"data-secret\"))||(t=Math.random().toString(36).substring(2,12),e.src+=\"#?secret=\"+t,e.setAttribute(\"data-secret\",t)),e.contentWindow.postMessage({message:\"ready\",secret:t},\"*\")},!1)))}(window,document);\n\/\/# sourceURL=https:\/\/cad-asc.ca\/wp-includes\/js\/wp-embed.min.js\n\/* ]]> *\/\n<\/script>\n","description":"Le Probl\u00e8me : La Loi canadienne de l\u2019immigration exige que ce pays rejette les demandes d\u2019immigration des personnes souffrant de n\u2019importe quelle \u00ab maladie, d\u00e9sordre, incapacit\u00e9 ou tout autre affaiblissement de la sant\u00e9 \u00bb qui pourrait faire en sorte qu\u2019elles soient \u00ab un danger \u00e0 la sant\u00e9 ou \u00e0 la s\u00e9curit\u00e9 publique \u00bb ou dont &hellip; Continue reading"}

L’immigration et l’admissibilité médicale - Canadian Association of the Deaf - Association des Sourds du Canada

<blockquote class="wp-embedded-content" data-secret="gdatCp9OVX"><a href="https://cad-asc.ca/fr/enjeux-et-notre-position/limmigration-et-ladmissibilite-medicale/">L’immigration et l’admissibilité médicale</a></blockquote><iframe sandbox="allow-scripts" security="restricted" src="https://cad-asc.ca/fr/enjeux-et-notre-position/limmigration-et-ladmissibilite-medicale/embed/#?secret=gdatCp9OVX" width="600" height="338" title="« L’immigration et l’admissibilité médicale » &#8212; Canadian Association of the Deaf - Association des Sourds du Canada" data-secret="gdatCp9OVX" frameborder="0" marginwidth="0" marginheight="0" scrolling="no" class="wp-embedded-content"></iframe><script type="text/javascript">
/* <![CDATA[ */
/*! This file is auto-generated */
!function(d,l){"use strict";l.querySelector&&d.addEventListener&&"undefined"!=typeof URL&&(d.wp=d.wp||{},d.wp.receiveEmbedMessage||(d.wp.receiveEmbedMessage=function(e){var t=e.data;if((t||t.secret||t.message||t.value)&&!/[^a-zA-Z0-9]/.test(t.secret)){for(var s,r,n,a=l.querySelectorAll('iframe[data-secret="'+t.secret+'"]'),o=l.querySelectorAll('blockquote[data-secret="'+t.secret+'"]'),c=new RegExp("^https?:$","i"),i=0;i<o.length;i++)o[i].style.display="none";for(i=0;i<a.length;i++)s=a[i],e.source===s.contentWindow&&(s.removeAttribute("style"),"height"===t.message?(1e3<(r=parseInt(t.value,10))?r=1e3:~~r<200&&(r=200),s.height=r):"link"===t.message&&(r=new URL(s.getAttribute("src")),n=new URL(t.value),c.test(n.protocol))&&n.host===r.host&&l.activeElement===s&&(d.top.location.href=t.value))}},d.addEventListener("message",d.wp.receiveEmbedMessage,!1),l.addEventListener("DOMContentLoaded",function(){for(var e,t,s=l.querySelectorAll("iframe.wp-embedded-content"),r=0;r<s.length;r++)(t=(e=s[r]).getAttribute("data-secret"))||(t=Math.random().toString(36).substring(2,12),e.src+="#?secret="+t,e.setAttribute("data-secret",t)),e.contentWindow.postMessage({message:"ready",secret:t},"*")},!1)))}(window,document);
//# sourceURL=https://cad-asc.ca/wp-includes/js/wp-embed.min.js
/* ]]> */
</script>

Le Problème : La Loi canadienne de l’immigration exige que ce pays rejette les demandes d’immigration des personnes souffrant de n’importe quelle « maladie, désordre, incapacité ou tout autre affaiblissement de la santé » qui pourrait faire en sorte qu’elles soient « un danger à la santé ou à la sécurité publique » ou dont &hellip; Continue reading
