{"version":"1.0","provider_name":"Canadian Association of the Deaf - Association des Sourds du Canada","provider_url":"https:\/\/cad-asc.ca\/fr\/","author_name":"ben.davidberman","author_url":"https:\/\/cad-asc.ca\/fr\/author\/ben-davidberman\/","title":"Droits et accessibilit\u00e9 - Canadian Association of the Deaf - Association des Sourds du Canada","type":"rich","width":600,"height":338,"html":"<blockquote class=\"wp-embedded-content\" data-secret=\"NMkG9RYM69\"><a href=\"https:\/\/cad-asc.ca\/fr\/notre-travail\/droits-et-accessibilite\/\">Droits et accessibilit\u00e9<\/a><\/blockquote><iframe sandbox=\"allow-scripts\" security=\"restricted\" src=\"https:\/\/cad-asc.ca\/fr\/notre-travail\/droits-et-accessibilite\/embed\/#?secret=NMkG9RYM69\" width=\"600\" height=\"338\" title=\"\u00ab\u00a0Droits et accessibilit\u00e9\u00a0\u00bb &#8212; Canadian Association of the Deaf - Association des Sourds du Canada\" data-secret=\"NMkG9RYM69\" frameborder=\"0\" marginwidth=\"0\" marginheight=\"0\" scrolling=\"no\" class=\"wp-embedded-content\"><\/iframe><script type=\"text\/javascript\">\n\/* <![CDATA[ *\/\n\/*! This file is auto-generated *\/\n!function(d,l){\"use strict\";l.querySelector&&d.addEventListener&&\"undefined\"!=typeof URL&&(d.wp=d.wp||{},d.wp.receiveEmbedMessage||(d.wp.receiveEmbedMessage=function(e){var t=e.data;if((t||t.secret||t.message||t.value)&&!\/[^a-zA-Z0-9]\/.test(t.secret)){for(var s,r,n,a=l.querySelectorAll('iframe[data-secret=\"'+t.secret+'\"]'),o=l.querySelectorAll('blockquote[data-secret=\"'+t.secret+'\"]'),c=new RegExp(\"^https?:$\",\"i\"),i=0;i<o.length;i++)o[i].style.display=\"none\";for(i=0;i<a.length;i++)s=a[i],e.source===s.contentWindow&&(s.removeAttribute(\"style\"),\"height\"===t.message?(1e3<(r=parseInt(t.value,10))?r=1e3:~~r<200&&(r=200),s.height=r):\"link\"===t.message&&(r=new URL(s.getAttribute(\"src\")),n=new URL(t.value),c.test(n.protocol))&&n.host===r.host&&l.activeElement===s&&(d.top.location.href=t.value))}},d.addEventListener(\"message\",d.wp.receiveEmbedMessage,!1),l.addEventListener(\"DOMContentLoaded\",function(){for(var e,t,s=l.querySelectorAll(\"iframe.wp-embedded-content\"),r=0;r<s.length;r++)(t=(e=s[r]).getAttribute(\"data-secret\"))||(t=Math.random().toString(36).substring(2,12),e.src+=\"#?secret=\"+t,e.setAttribute(\"data-secret\",t)),e.contentWindow.postMessage({message:\"ready\",secret:t},\"*\")},!1)))}(window,document);\n\/\/# sourceURL=https:\/\/cad-asc.ca\/wp-includes\/js\/wp-embed.min.js\n\/* ]]> *\/\n<\/script>\n","description":"La\u00a0Convention des\u00a0Nations\u00a0Unies\u00a0relative aux droits des personnes handicap\u00e9es\u00a0constitue le principal document\u00a0international portant sur les droits et l\u2019accessibilit\u00e9. La\u00a0Loi canadienne sur l\u2019accessibilit\u00e9, quant \u00e0 elle, repr\u00e9sente le principal document\u00a0national portant sur les droits et l\u2019accessibilit\u00e9. Conventions internationales : Convention des Nations Unies sur les droits des personnes handicap\u00e9es L\u00e9gislation f\u00e9d\u00e9rale en mati\u00e8re d&rsquo;accessibilit\u00e9 : Loi canadienne sur &hellip; Continue reading"}

Droits et accessibilité - Canadian Association of the Deaf - Association des Sourds du Canada

<blockquote class="wp-embedded-content" data-secret="NMkG9RYM69"><a href="https://cad-asc.ca/fr/notre-travail/droits-et-accessibilite/">Droits et accessibilité</a></blockquote><iframe sandbox="allow-scripts" security="restricted" src="https://cad-asc.ca/fr/notre-travail/droits-et-accessibilite/embed/#?secret=NMkG9RYM69" width="600" height="338" title="« Droits et accessibilité » &#8212; Canadian Association of the Deaf - Association des Sourds du Canada" data-secret="NMkG9RYM69" frameborder="0" marginwidth="0" marginheight="0" scrolling="no" class="wp-embedded-content"></iframe><script type="text/javascript">
/* <![CDATA[ */
/*! This file is auto-generated */
!function(d,l){"use strict";l.querySelector&&d.addEventListener&&"undefined"!=typeof URL&&(d.wp=d.wp||{},d.wp.receiveEmbedMessage||(d.wp.receiveEmbedMessage=function(e){var t=e.data;if((t||t.secret||t.message||t.value)&&!/[^a-zA-Z0-9]/.test(t.secret)){for(var s,r,n,a=l.querySelectorAll('iframe[data-secret="'+t.secret+'"]'),o=l.querySelectorAll('blockquote[data-secret="'+t.secret+'"]'),c=new RegExp("^https?:$","i"),i=0;i<o.length;i++)o[i].style.display="none";for(i=0;i<a.length;i++)s=a[i],e.source===s.contentWindow&&(s.removeAttribute("style"),"height"===t.message?(1e3<(r=parseInt(t.value,10))?r=1e3:~~r<200&&(r=200),s.height=r):"link"===t.message&&(r=new URL(s.getAttribute("src")),n=new URL(t.value),c.test(n.protocol))&&n.host===r.host&&l.activeElement===s&&(d.top.location.href=t.value))}},d.addEventListener("message",d.wp.receiveEmbedMessage,!1),l.addEventListener("DOMContentLoaded",function(){for(var e,t,s=l.querySelectorAll("iframe.wp-embedded-content"),r=0;r<s.length;r++)(t=(e=s[r]).getAttribute("data-secret"))||(t=Math.random().toString(36).substring(2,12),e.src+="#?secret="+t,e.setAttribute("data-secret",t)),e.contentWindow.postMessage({message:"ready",secret:t},"*")},!1)))}(window,document);
//# sourceURL=https://cad-asc.ca/wp-includes/js/wp-embed.min.js
/* ]]> */
</script>

La Convention des Nations Unies relative aux droits des personnes handicapées constitue le principal document international portant sur les droits et l’accessibilité. La Loi canadienne sur l’accessibilité, quant à elle, représente le principal document national portant sur les droits et l’accessibilité. Conventions internationales : Convention des Nations Unies sur les droits des personnes handicapées Législation fédérale en matière d&rsquo;accessibilité : Loi canadienne sur &hellip; Continue reading
