{"version":"1.0","provider_name":"Canadian Association of the Deaf - Association des Sourds du Canada","provider_url":"https:\/\/cad-asc.ca\/fr\/","author_name":"Joseph Antle","author_url":"https:\/\/cad-asc.ca\/fr\/author\/joseph-antle\/","title":"Plan strat\u00e9gique pour 2026-2030 - Canadian Association of the Deaf - Association des Sourds du Canada","type":"rich","width":600,"height":338,"html":"<blockquote class=\"wp-embedded-content\" data-secret=\"CezErrcRDV\"><a href=\"https:\/\/cad-asc.ca\/fr\/plan-strategique-2026-2030\/\">Plan strat\u00e9gique pour 2026-2030<\/a><\/blockquote><iframe sandbox=\"allow-scripts\" security=\"restricted\" src=\"https:\/\/cad-asc.ca\/fr\/plan-strategique-2026-2030\/embed\/#?secret=CezErrcRDV\" width=\"600\" height=\"338\" title=\"\u00ab\u00a0Plan strat\u00e9gique pour 2026-2030\u00a0\u00bb &#8212; Canadian Association of the Deaf - Association des Sourds du Canada\" data-secret=\"CezErrcRDV\" frameborder=\"0\" marginwidth=\"0\" marginheight=\"0\" scrolling=\"no\" class=\"wp-embedded-content\"><\/iframe><script type=\"text\/javascript\">\n\/* <![CDATA[ *\/\n\/*! This file is auto-generated *\/\n!function(d,l){\"use strict\";l.querySelector&&d.addEventListener&&\"undefined\"!=typeof URL&&(d.wp=d.wp||{},d.wp.receiveEmbedMessage||(d.wp.receiveEmbedMessage=function(e){var t=e.data;if((t||t.secret||t.message||t.value)&&!\/[^a-zA-Z0-9]\/.test(t.secret)){for(var s,r,n,a=l.querySelectorAll('iframe[data-secret=\"'+t.secret+'\"]'),o=l.querySelectorAll('blockquote[data-secret=\"'+t.secret+'\"]'),c=new RegExp(\"^https?:$\",\"i\"),i=0;i<o.length;i++)o[i].style.display=\"none\";for(i=0;i<a.length;i++)s=a[i],e.source===s.contentWindow&&(s.removeAttribute(\"style\"),\"height\"===t.message?(1e3<(r=parseInt(t.value,10))?r=1e3:~~r<200&&(r=200),s.height=r):\"link\"===t.message&&(r=new URL(s.getAttribute(\"src\")),n=new URL(t.value),c.test(n.protocol))&&n.host===r.host&&l.activeElement===s&&(d.top.location.href=t.value))}},d.addEventListener(\"message\",d.wp.receiveEmbedMessage,!1),l.addEventListener(\"DOMContentLoaded\",function(){for(var e,t,s=l.querySelectorAll(\"iframe.wp-embedded-content\"),r=0;r<s.length;r++)(t=(e=s[r]).getAttribute(\"data-secret\"))||(t=Math.random().toString(36).substring(2,12),e.src+=\"#?secret=\"+t,e.setAttribute(\"data-secret\",t)),e.contentWindow.postMessage({message:\"ready\",secret:t},\"*\")},!1)))}(window,document);\n\/\/# sourceURL=https:\/\/cad-asc.ca\/wp-includes\/js\/wp-embed.min.js\n\/* ]]> *\/\n<\/script>\n","thumbnail_url":"https:\/\/cad-asc.ca\/wp-content\/uploads\/2025\/09\/StrategicPlan2026\u20112030-FR-scaled.jpg","thumbnail_width":2560,"thumbnail_height":1440,"description":"Le conseil d\u2019administration de l\u2019ACDSC (CAD-ASC) est heureux d\u2019annoncer la publication de son Plan strat\u00e9gique finalis\u00e9 pour 2026\u20132030. Ce plan pr\u00e9sente nos priorit\u00e9s et notre orientation pour les cinq prochaines ann\u00e9es, alors que nous continuons de faire progresser les droits, l\u2019acc\u00e8s et le leadership des communaut\u00e9s sourdes, sourdes-aveugles et malentendantes partout au Canada. Pour consulter &hellip; Continue reading"}

Plan stratégique pour 2026-2030 - Canadian Association of the Deaf - Association des Sourds du Canada

<blockquote class="wp-embedded-content" data-secret="CezErrcRDV"><a href="https://cad-asc.ca/fr/plan-strategique-2026-2030/">Plan stratégique pour 2026-2030</a></blockquote><iframe sandbox="allow-scripts" security="restricted" src="https://cad-asc.ca/fr/plan-strategique-2026-2030/embed/#?secret=CezErrcRDV" width="600" height="338" title="« Plan stratégique pour 2026-2030 » &#8212; Canadian Association of the Deaf - Association des Sourds du Canada" data-secret="CezErrcRDV" frameborder="0" marginwidth="0" marginheight="0" scrolling="no" class="wp-embedded-content"></iframe><script type="text/javascript">
/* <![CDATA[ */
/*! This file is auto-generated */
!function(d,l){"use strict";l.querySelector&&d.addEventListener&&"undefined"!=typeof URL&&(d.wp=d.wp||{},d.wp.receiveEmbedMessage||(d.wp.receiveEmbedMessage=function(e){var t=e.data;if((t||t.secret||t.message||t.value)&&!/[^a-zA-Z0-9]/.test(t.secret)){for(var s,r,n,a=l.querySelectorAll('iframe[data-secret="'+t.secret+'"]'),o=l.querySelectorAll('blockquote[data-secret="'+t.secret+'"]'),c=new RegExp("^https?:$","i"),i=0;i<o.length;i++)o[i].style.display="none";for(i=0;i<a.length;i++)s=a[i],e.source===s.contentWindow&&(s.removeAttribute("style"),"height"===t.message?(1e3<(r=parseInt(t.value,10))?r=1e3:~~r<200&&(r=200),s.height=r):"link"===t.message&&(r=new URL(s.getAttribute("src")),n=new URL(t.value),c.test(n.protocol))&&n.host===r.host&&l.activeElement===s&&(d.top.location.href=t.value))}},d.addEventListener("message",d.wp.receiveEmbedMessage,!1),l.addEventListener("DOMContentLoaded",function(){for(var e,t,s=l.querySelectorAll("iframe.wp-embedded-content"),r=0;r<s.length;r++)(t=(e=s[r]).getAttribute("data-secret"))||(t=Math.random().toString(36).substring(2,12),e.src+="#?secret="+t,e.setAttribute("data-secret",t)),e.contentWindow.postMessage({message:"ready",secret:t},"*")},!1)))}(window,document);
//# sourceURL=https://cad-asc.ca/wp-includes/js/wp-embed.min.js
/* ]]> */
</script>

Le conseil d’administration de l’ACDSC (CAD-ASC) est heureux d’annoncer la publication de son Plan stratégique finalisé pour 2026–2030. Ce plan présente nos priorités et notre orientation pour les cinq prochaines années, alors que nous continuons de faire progresser les droits, l’accès et le leadership des communautés sourdes, sourdes-aveugles et malentendantes partout au Canada. Pour consulter &hellip; Continue reading
