{"id":3426,"date":"2014-12-17T06:31:55","date_gmt":"2014-12-17T06:31:55","guid":{"rendered":"http:\/\/cad.ca\/?page_id=3426&#038;lang=fr"},"modified":"2022-08-04T22:00:44","modified_gmt":"2022-08-04T22:00:44","slug":"la-terminologie","status":"publish","type":"page","link":"https:\/\/cad-asc.ca\/fr\/notre-travail\/la-terminologie\/","title":{"rendered":"La terminologie"},"content":{"rendered":"<h3>Le Probl\u00e8me :<\/h3>\n<p>Quels sont les termes et d\u00e9finitions \u00ab appropri\u00e9s \u00bb utiliser en ce qui concerne la surdit\u00e9 ?<\/p>\n<h3>Notre position :<\/h3>\n<p><strong>sourd<br \/>\n<\/strong>Un terme m\u00e9dical\/audiologique se rapportant aux personnes ayant peu ou pas d\u2019audition fonctionnelle (sourd, Sourd et personne devenue sourde). Il peut \u00e9galement \u00eatre employ\u00e9 comme nom collectif (\u00ab les sourds \u00bb ou \u00ab les sourds avec un s minuscule \u00bb) pour se r\u00e9f\u00e9rer aux personnes qui sont m\u00e9dicalement sourdes mais qui ne s\u2019identifient pas n\u00e9cessairement avec la communaut\u00e9 Sourde.<\/p>\n<p>De plus, on appelle g\u00e9n\u00e9ralement \u00ab sourds \u00bb les enfants qui sont sourds puisqu\u2019ils ne sont pas encore int\u00e9gr\u00e9s \u00e0 la culture Sourde ou non-Sourde. Si la langue des signes est leur langue maternelle, on les appelle \u00ab Sourds \u00bb<\/p>\n<p><strong>Sourd (avec un S majuscule)<br \/>\n<\/strong>Un terme sociologique se rapportant aux individus qui sont m\u00e9dicalement sourds ou malentendants et qui \u2019identifient avec et qui participent \u00e0 la culture, \u00e0 la soci\u00e9t\u00e9 et \u00e0 la langue des personnes Sourdes, qui sont bas\u00e9es sur la langue des signes. Leur mode pr\u00e9f\u00e9r\u00e9 de communication est la langue des signes.<\/p>\n<p><strong>S\/sourd<br \/>\n<\/strong>Nom collectif d\u00e9signant aussi bien les personnes \u00ab Sourdes \u00bb s\u2019identifiant \u00e0 la culture Sourde que les personnes \u00ab sourdes \u00bb qui ne s\u2019y identifient pas.<\/p>\n<p><strong>Personne devenue sourde<br \/>\n<\/strong>(aussi connus comme des sourds tardifs). Il s\u2019agit \u00e0 la fois d\u2019un terme m\u00e9dical et sociologique se rapportant \u00e0 des individus qui sont devenus sourds plus tard dans la vie et qui peuvent \u00eatre incapables de s\u2019identifier ni avec la communaut\u00e9 Sourde ni avec la communaut\u00e9 des malentendants.<\/p>\n<p><strong>malentendant<br \/>\n<\/strong>Une personne dont la perte auditive s\u2019\u00e9tend de l\u00e9g\u00e8re \u00e0 profonde et dont le moyen habituel de communication est la parole. Il s\u2019agit d\u2019un terme \u00e0 la fois m\u00e9dical et sociologique.<\/p>\n<p><strong>d\u00e9ficient auditif<br \/>\n<\/strong>Ce terme n\u2019est <strong>pas<\/strong> acceptable pour se r\u00e9f\u00e9rer \u00e0 des personnes ayant une perte auditive. La \u00ab d\u00e9ficience auditive \u00bb est une condition m\u00e9dicale ; ce n\u2019est pas un nom collectif pour des individus ayant des degr\u00e9s vari\u00e9s de perte auditive. Aussi, il ne reconna\u00eet pas les diff\u00e9rences entre les communaut\u00e9s Sourde et malentendante.<\/p>\n<p><strong>personne qui est sourde<br \/>\n<\/strong>Un substitut acceptable mais excessivement d\u00e9licat pour \u00ab sourd \u00bb.<\/p>\n<p><strong>sourd manuel,sourd signant<br \/>\n<\/strong>Une personne sourde dont a le mode de communication pr\u00e9f\u00e9r\u00e9 est la langue des signes.<\/p>\n<p><strong>sourd oral<br \/>\n<\/strong>Une personne sourde dont le mode de communication pr\u00e9f\u00e9r\u00e9 est verbal et auditif. Une personne sourde orale qui peut tant signer que parler peut \u00eatre consid\u00e9r\u00e9e \u00ab Sourde \u00bb si elle est accept\u00e9e comme telle par d\u2019autres personnes Sourdes et utilise les signes au sein de la communaut\u00e9 Sourde.<\/p>\n<p><strong>sourd-muet<br \/>\n<\/strong>Inacceptable. Une personne sourde peut choisir de ne pas utiliser sa voix ; ceci ne fait pas d\u2019elle une personne \u00ab muette \u00bb.<\/p>\n<p><strong>sourd et stupide<br \/>\n<\/strong>Blessant.<\/p>\n<p><strong>Sourd plus<br \/>\n<\/strong>Bien qu\u2019il ait \u00e9t\u00e9 employ\u00e9 pendant plusieurs ann\u00e9es pour se r\u00e9f\u00e9rer aux personnes ayant des handicaps suppl\u00e9mentaires \u00e0 la surdit\u00e9, les termes pr\u00e9f\u00e9r\u00e9s sont maintenant \u00ab Sourd avec un handicap intellectuel \u00bb, \u00ab Sourd aveugle \u00bb, \u00ab Sourd avec paralysie c\u00e9r\u00e9brale \u00bb, etc.<\/p>\n<p><strong>non-Sourd<br \/>\n<\/strong>Terme servant \u00e0 faire la distinction entre la collectivit\u00e9 Sourde et tous les autres : entendant, malentendant, personne devenue sourde et sourd oral.<\/p>\n<p><strong>la langue des signes<br \/>\n<\/strong>La langue officielle de la communaut\u00e9 Sourde. En anglais, elle devrait toujours commencer avec une majuscule, tout comme \u00ab English \u00bb et \u00ab French \u00bb commencent avec une majuscule, car toutes les trois sont des langues l\u00e9gitimes. (Nous reconnaissons que l\u2019emploi de la majuscule n\u2019est pas courant dans la plupart des langues, mais il l\u2019est pour l\u2019anglais.)<\/p>\n<p><strong>ATS<br \/>\n<\/strong>L\u2019acronyme appropri\u00e9 pour les dispositifs sp\u00e9ciaux utilis\u00e9s par les personnes sourdes, malentendantes et ntendantes pour communiquer les unes avec les autres par le syst\u00e8me t\u00e9l\u00e9phonique. Le terme anglais est TTY.<\/p>\n<p><strong>TDD<br \/>\n<\/strong>N\u2019est plus acceptable comme acronyme pour les dispositifs sp\u00e9ciaux pour l\u2019acc\u00e8s au syst\u00e8me t\u00e9l\u00e9phonique.<\/p>\n<p><strong>TT<br \/>\n<\/strong>(t\u00e9l\u00e9phone de textes) utilis\u00e9 dans quelques pays europ\u00e9ens et par la Commission f\u00e9d\u00e9rale des communications des \u00c9tats Unis comme terme de remplacement pour \u00ab ATS \u00bb. Il n\u2019est pas accept\u00e9 au Canada parce que c\u2019est un terme invent\u00e9 par des entendants et parce que le signe correspondant en ASL est impoli.<\/p>\n<p><strong>APPROUV\u00c9 : 3 JUILLET 2015<\/strong><\/p>\n<p><strong>POUR DE PLUS AMPLES RENSEIGNEMENTS, CONTACTEZ :<\/strong><br \/>\nL\u2019Association des Sourds du Canada \u2013 Canadian Association of the Deaf<br \/>\n605 &#8211; 251 rue Bank<br \/>\nOttawa (Ontario) K2P 1X3<br \/>\n(613) 565-2882<br \/>\n<a href=\"https:\/\/cad.ca\/\">www.cad.ca<\/a><\/p>\n","protected":false},"excerpt":{"rendered":"<p>Le Probl\u00e8me : Quels sont les termes et d\u00e9finitions \u00ab appropri\u00e9s \u00bb utiliser en ce qui concerne la surdit\u00e9 ? Notre position : sourd Un terme m\u00e9dical\/audiologique se rapportant aux personnes ayant peu ou pas d\u2019audition fonctionnelle (sourd, Sourd et personne devenue sourde). Il peut \u00e9galement \u00eatre employ\u00e9 comme nom collectif (\u00ab les sourds \u00bb &hellip; <a href=\"https:\/\/cad-asc.ca\/fr\/notre-travail\/la-terminologie\/\" class=\"more-link\">Continue reading <span class=\"screen-reader-text\">La terminologie<\/span><\/a><\/p>\n","protected":false},"author":1,"featured_media":0,"parent":10870,"menu_order":0,"comment_status":"closed","ping_status":"closed","template":"page-templates\/position-paper-template.php","meta":{"_acf_changed":false,"_monsterinsights_skip_tracking":false,"_monsterinsights_sitenote_active":false,"_monsterinsights_sitenote_note":"","_monsterinsights_sitenote_category":0,"_uf_show_specific_survey":0,"_uf_disable_surveys":false,"footnotes":""},"class_list":["post-3426","page","type-page","status-publish","hentry"],"acf":[],"_links":{"self":[{"href":"https:\/\/cad-asc.ca\/fr\/wp-json\/wp\/v2\/pages\/3426","targetHints":{"allow":["GET"]}}],"collection":[{"href":"https:\/\/cad-asc.ca\/fr\/wp-json\/wp\/v2\/pages"}],"about":[{"href":"https:\/\/cad-asc.ca\/fr\/wp-json\/wp\/v2\/types\/page"}],"author":[{"embeddable":true,"href":"https:\/\/cad-asc.ca\/fr\/wp-json\/wp\/v2\/users\/1"}],"replies":[{"embeddable":true,"href":"https:\/\/cad-asc.ca\/fr\/wp-json\/wp\/v2\/comments?post=3426"}],"version-history":[{"count":0,"href":"https:\/\/cad-asc.ca\/fr\/wp-json\/wp\/v2\/pages\/3426\/revisions"}],"up":[{"embeddable":true,"href":"https:\/\/cad-asc.ca\/fr\/wp-json\/wp\/v2\/pages\/10870"}],"wp:attachment":[{"href":"https:\/\/cad-asc.ca\/fr\/wp-json\/wp\/v2\/media?parent=3426"}],"curies":[{"name":"wp","href":"https:\/\/api.w.org\/{rel}","templated":true}]}}

<h3>Le Problème :</h3>
<p>Quels sont les termes et définitions « appropriés » utiliser en ce qui concerne la surdité ?</p>
<h3>Notre position :</h3>
<p><strong>sourd<br />
</strong>Un terme médical/audiologique se rapportant aux personnes ayant peu ou pas d’audition fonctionnelle (sourd, Sourd et personne devenue sourde). Il peut également être employé comme nom collectif (« les sourds » ou « les sourds avec un s minuscule ») pour se référer aux personnes qui sont médicalement sourdes mais qui ne s’identifient pas nécessairement avec la communauté Sourde.</p>
<p>De plus, on appelle généralement « sourds » les enfants qui sont sourds puisqu’ils ne sont pas encore intégrés à la culture Sourde ou non-Sourde. Si la langue des signes est leur langue maternelle, on les appelle « Sourds »</p>
<p><strong>Sourd (avec un S majuscule)<br />
</strong>Un terme sociologique se rapportant aux individus qui sont médicalement sourds ou malentendants et qui ’identifient avec et qui participent à la culture, à la société et à la langue des personnes Sourdes, qui sont basées sur la langue des signes. Leur mode préféré de communication est la langue des signes.</p>
<p><strong>S/sourd<br />
</strong>Nom collectif désignant aussi bien les personnes « Sourdes » s’identifiant à la culture Sourde que les personnes « sourdes » qui ne s’y identifient pas.</p>
<p><strong>Personne devenue sourde<br />
</strong>(aussi connus comme des sourds tardifs). Il s’agit à la fois d’un terme médical et sociologique se rapportant à des individus qui sont devenus sourds plus tard dans la vie et qui peuvent être incapables de s’identifier ni avec la communauté Sourde ni avec la communauté des malentendants.</p>
<p><strong>malentendant<br />
</strong>Une personne dont la perte auditive s’étend de légère à profonde et dont le moyen habituel de communication est la parole. Il s’agit d’un terme à la fois médical et sociologique.</p>
<p><strong>déficient auditif<br />
</strong>Ce terme n’est <strong>pas</strong> acceptable pour se référer à des personnes ayant une perte auditive. La « déficience auditive » est une condition médicale ; ce n’est pas un nom collectif pour des individus ayant des degrés variés de perte auditive. Aussi, il ne reconnaît pas les différences entre les communautés Sourde et malentendante.</p>
<p><strong>personne qui est sourde<br />
</strong>Un substitut acceptable mais excessivement délicat pour « sourd ».</p>
<p><strong>sourd manuel,sourd signant<br />
</strong>Une personne sourde dont a le mode de communication préféré est la langue des signes.</p>
<p><strong>sourd oral<br />
</strong>Une personne sourde dont le mode de communication préféré est verbal et auditif. Une personne sourde orale qui peut tant signer que parler peut être considérée « Sourde » si elle est acceptée comme telle par d’autres personnes Sourdes et utilise les signes au sein de la communauté Sourde.</p>
<p><strong>sourd-muet<br />
</strong>Inacceptable. Une personne sourde peut choisir de ne pas utiliser sa voix ; ceci ne fait pas d’elle une personne « muette ».</p>
<p><strong>sourd et stupide<br />
</strong>Blessant.</p>
<p><strong>Sourd plus<br />
</strong>Bien qu’il ait été employé pendant plusieurs années pour se référer aux personnes ayant des handicaps supplémentaires à la surdité, les termes préférés sont maintenant « Sourd avec un handicap intellectuel », « Sourd aveugle », « Sourd avec paralysie cérébrale », etc.</p>
<p><strong>non-Sourd<br />
</strong>Terme servant à faire la distinction entre la collectivité Sourde et tous les autres : entendant, malentendant, personne devenue sourde et sourd oral.</p>
<p><strong>la langue des signes<br />
</strong>La langue officielle de la communauté Sourde. En anglais, elle devrait toujours commencer avec une majuscule, tout comme « English » et « French » commencent avec une majuscule, car toutes les trois sont des langues légitimes. (Nous reconnaissons que l’emploi de la majuscule n’est pas courant dans la plupart des langues, mais il l’est pour l’anglais.)</p>
<p><strong>ATS<br />
</strong>L’acronyme approprié pour les dispositifs spéciaux utilisés par les personnes sourdes, malentendantes et ntendantes pour communiquer les unes avec les autres par le système téléphonique. Le terme anglais est TTY.</p>
<p><strong>TDD<br />
</strong>N’est plus acceptable comme acronyme pour les dispositifs spéciaux pour l’accès au système téléphonique.</p>
<p><strong>TT<br />
</strong>(téléphone de textes) utilisé dans quelques pays européens et par la Commission fédérale des communications des États Unis comme terme de remplacement pour « ATS ». Il n’est pas accepté au Canada parce que c’est un terme inventé par des entendants et parce que le signe correspondant en ASL est impoli.</p>
<p><strong>APPROUVÉ : 3 JUILLET 2015</strong></p>
<p><strong>POUR DE PLUS AMPLES RENSEIGNEMENTS, CONTACTEZ :</strong><br />
L’Association des Sourds du Canada – Canadian Association of the Deaf<br />
605 &#8211; 251 rue Bank<br />
Ottawa (Ontario) K2P 1X3<br />
(613) 565-2882<br />
<a href="https://cad.ca/">www.cad.ca</a></p>

<p>Le Problème : Quels sont les termes et définitions « appropriés » utiliser en ce qui concerne la surdité ? Notre position : sourd Un terme médical/audiologique se rapportant aux personnes ayant peu ou pas d’audition fonctionnelle (sourd, Sourd et personne devenue sourde). Il peut également être employé comme nom collectif (« les sourds » &hellip; <a href="https://cad-asc.ca/fr/notre-travail/la-terminologie/" class="more-link">Continue reading <span class="screen-reader-text">La terminologie</span></a></p>
